{"id":296,"date":"2019-01-17T15:19:23","date_gmt":"2019-01-17T18:19:23","guid":{"rendered":"https:\/\/runatour.tur.ar\/web\/?post_type=product&#038;p=296"},"modified":"2025-12-04T18:50:12","modified_gmt":"2025-12-04T21:50:12","slug":"trekking-puente-del-diablo","status":"publish","type":"product","link":"https:\/\/runatour.tur.ar\/web\/product\/trekking-puente-del-diablo\/","title":{"rendered":"Trekking Puente del Diablo"},"content":{"rendered":"<p><strong>Partida:<\/strong> Desde su alojamiento en Tilcara o desde nuestra agencia de Viajes y Turismo Runa Tour, localizada Belgrano 481.<br \/>\n<strong>Actividad:<\/strong> Nuestra experiencia se desarrolla apreciando los bellos paisajes de la Quebrada de Humahuaca, hacia el norte de Tilcara, por la RNN\u00ba 9 en veh\u00edculo. Luego de una hora y media de viaje, cerca de Tres Cruces, comienza nuestro Trekking en ascenso hacia el Puente del diablo, una geoforma \u00fanica esculpida por la naturaleza. Luego de una hora y treinta minutos m\u00e1s; al llegar al sitio, nos maravillamos con un oasis de agua, pajonales, rocas enormes que abrigan a las Que\u00f1uas (arboles de la puna), un imponente puente natural y vistas panor\u00e1micas incre\u00edbles. En el descenso es por el mismo sendero, retomamos el veh\u00edculo para regresar de nuestra traves\u00eda natural.<\/p>\n<p><strong>Horarios de salida:<\/strong> 08:30 hs.<br \/>\n<strong>Duraci\u00f3n de la actividad:<\/strong> 6 horas<br \/>\n<strong>Dificultad:<\/strong> media<br \/>\n<strong>Kil\u00f3metros de Trekking:<\/strong> 10 Km. (ida y vuelta)<\/p>\n","protected":false},"excerpt":{"rendered":"<p><strong>Tarifa:<\/strong> <strong>$ 175.000 por persona. <\/strong>Reservas a partir de 2 personas.<\/p>\n<p><strong>Tarifa valida hasta el 20 de Diciembre, 2025-.<\/strong><\/p>\n<p><strong>Salidas:<\/strong> desde Tilcara y Humahuaca<\/p>\n<p><strong>Dificultad:<\/strong> media.<\/p>\n<p>&nbsp;<\/p>\n","protected":false},"featured_media":301,"comment_status":"open","ping_status":"closed","template":"","meta":{"_et_pb_use_builder":"","_et_pb_old_content":"","_et_gb_content_width":""},"product_cat":[18],"product_tag":[],"_links":{"self":[{"href":"https:\/\/runatour.tur.ar\/web\/wp-json\/wp\/v2\/product\/296"}],"collection":[{"href":"https:\/\/runatour.tur.ar\/web\/wp-json\/wp\/v2\/product"}],"about":[{"href":"https:\/\/runatour.tur.ar\/web\/wp-json\/wp\/v2\/types\/product"}],"replies":[{"embeddable":true,"href":"https:\/\/runatour.tur.ar\/web\/wp-json\/wp\/v2\/comments?post=296"}],"wp:featuredmedia":[{"embeddable":true,"href":"https:\/\/runatour.tur.ar\/web\/wp-json\/wp\/v2\/media\/301"}],"wp:attachment":[{"href":"https:\/\/runatour.tur.ar\/web\/wp-json\/wp\/v2\/media?parent=296"}],"wp:term":[{"taxonomy":"product_cat","embeddable":true,"href":"https:\/\/runatour.tur.ar\/web\/wp-json\/wp\/v2\/product_cat?post=296"},{"taxonomy":"product_tag","embeddable":true,"href":"https:\/\/runatour.tur.ar\/web\/wp-json\/wp\/v2\/product_tag?post=296"}],"curies":[{"name":"wp","href":"https:\/\/api.w.org\/{rel}","templated":true}]}}