{"id":771,"date":"2021-06-19T12:47:05","date_gmt":"2021-06-19T15:47:05","guid":{"rendered":"https:\/\/runatour.tur.ar\/web\/?post_type=product&#038;p=771"},"modified":"2025-12-04T18:35:04","modified_gmt":"2025-12-04T21:35:04","slug":"puna-extrema-de-jujuy","status":"publish","type":"product","link":"https:\/\/runatour.tur.ar\/web\/product\/puna-extrema-de-jujuy\/","title":{"rendered":"Puna Extrema de Jujuy: Ruta 40 &#8211; Valle de la luna &#8211; Lagunas increibles! (3 D\u00edas \/ 2 Noches)"},"content":{"rendered":"<p><strong>D\u00eda 1:<\/strong> Salida desde Tilcara 07:30 hs. Visitamos la Quiaca, Cieneguillas, Casira, Santa Catalina, Oratorio, San Juan y Oros, Paicone,<strong> El Valle de la Luna<\/strong> y noche en Cusi Cusi.<\/p>\n<p><strong>D\u00eda 2:<\/strong> Salida desde Cusi Cusi a las 08:30 hs. Laguna larga, Laguna Polulos y <strong>Laguna de Vilama<\/strong> . Regreso y noche en Cusi Cusi.<\/p>\n<p><strong>D\u00eda 3:<\/strong> Por la ma\u00f1ana Trekking a la <strong>Cascada <\/strong>\u00a0(hora y media aprox), regreso a Cusi Cusi y almuerzo. Luego del almuerzo; regresamos por Liviara, Santo Domingo, Abra Pampa y regreso a Tilcara. Fin de la Aventura.<\/p>\n<p><strong>SERVICIOS INCLUIDOS\u00a0<\/strong><br \/>\n* Transporte: camioneta 4X4 full time<br \/>\n* Seguro especial de viajero<br \/>\n* Botiqu\u00edn de primeros auxilios<br \/>\n* 3 almuerzos<br \/>\n* 2 cenas<br \/>\n* 2 desayunos<br \/>\n* Refrigerios y agua durante todo el recorrido<br \/>\n* 2 Noches de alojamiento en Hoster\u00eda en habitaci\u00f3n doble con ba\u00f1o privado<br \/>\n* Gu\u00eda Chofer<\/p>\n<p>&nbsp;<\/p>\n","protected":false},"excerpt":{"rendered":"<p><strong>Tarifa:<\/strong> <b>$ 2.000.000 por persona. Reservas a partir de 2 Pax. con tiempo de antelaci\u00f3n.\u00a0\u00a0<\/b><\/p>\n<p><strong>Tarifa valida hasta el 31 de Marzo 2026.-<\/strong><\/p>\n<p><b>Temporada para la Traves\u00eda: Marzo a Noviembre<\/b><\/p>\n<p>&nbsp;<\/p>\n","protected":false},"featured_media":775,"comment_status":"open","ping_status":"closed","template":"","meta":{"_et_pb_use_builder":"","_et_pb_old_content":"","_et_gb_content_width":""},"product_cat":[31,17],"product_tag":[],"_links":{"self":[{"href":"https:\/\/runatour.tur.ar\/web\/wp-json\/wp\/v2\/product\/771"}],"collection":[{"href":"https:\/\/runatour.tur.ar\/web\/wp-json\/wp\/v2\/product"}],"about":[{"href":"https:\/\/runatour.tur.ar\/web\/wp-json\/wp\/v2\/types\/product"}],"replies":[{"embeddable":true,"href":"https:\/\/runatour.tur.ar\/web\/wp-json\/wp\/v2\/comments?post=771"}],"wp:featuredmedia":[{"embeddable":true,"href":"https:\/\/runatour.tur.ar\/web\/wp-json\/wp\/v2\/media\/775"}],"wp:attachment":[{"href":"https:\/\/runatour.tur.ar\/web\/wp-json\/wp\/v2\/media?parent=771"}],"wp:term":[{"taxonomy":"product_cat","embeddable":true,"href":"https:\/\/runatour.tur.ar\/web\/wp-json\/wp\/v2\/product_cat?post=771"},{"taxonomy":"product_tag","embeddable":true,"href":"https:\/\/runatour.tur.ar\/web\/wp-json\/wp\/v2\/product_tag?post=771"}],"curies":[{"name":"wp","href":"https:\/\/api.w.org\/{rel}","templated":true}]}}